 7
-16456063
What is -1736437 (base 10) in base 3?
-10021012221111
What is -11012122200 (base 3) in base 16?
-143a6
What is -10112001022202 (base 3) in base 9?
-3461282
-8aa816 (base 14) to base 7
-55040426
Convert 46056 (base 12) to base 16.
16cc2
Convert -7a188 (base 12) to base 16.
-27b78
What is -7b0c67 (base 15) in base 8?
-26323141
What is -11111100110010110100 (base 2) in base 14?
-1cd4c4
85819 (base 10) to base 13
300a6
20452112 (base 6) to base 7
5040146
Convert e4ca (base 15) to base 13.
19006
What is -93628 (base 15) in base 5?
-104422023
What is 20020010200012 (base 3) in base 13?
8bb44c
4435152 (base 6) to base 13
7a519
What is 144325031 (base 6) in base 11?
1778794
Convert 1a7564 (base 11) to base 4.
1031200031
What is 1328b7 (base 12) in base 6?
10433551
What is 100011010100101000000 (base 2) in base 16?
11a940
Convert 5334815 (base 9) to base 16.
2b9a8d
Convert 605237 (base 16) to base 10.
6312503
-174051 (base 11) to base 6
-5432554
What is -242542651 (base 7) in base 6?
-1300444051
1881d1 (base 15) to base 16
122f74
What is 437464 (base 9) in base 7?
2135665
100000100110100011 (base 2) to base 8
404643
-2187133 (base 10) to base 13
-5b7680
What is -1012244304 (base 5) in base 9?
-3807012
What is 155077 (base 10) in base 7?
1214056
-424121431 (base 5) to base 16
-1b400a
Convert 2005230 (base 6) to base 10.
94482
-a8047 (base 14) to base 11
-258190
110211010 (base 4) to base 2
10100100101000100
acab90 (base 14) to base 13
12a6470
Convert 35525361 (base 7) to base 5.
1301241431
What is 23310322 (base 5) in base 9?
354422
What is -177ec (base 15) in base 4?
-102210033
What is 47a2234 (base 12) in base 15?
1347904
Convert 10326305 (base 9) to base 2.
10010111111010011000100
434402 (base 7) to base 2
10010100011100001
What is 6156230 (base 7) in base 16?
b3e73
Convert -44300312 (base 5) to base 6.
-12123521
Convert -21113122302 (base 4) to base 2.
-1001010111011010110010
513524521 (base 6) to base 13
1ab300c
Convert 2a1739 (base 11) to base 6.
14031152
Convert 6314056 (base 10) to base 8.
30054110
What is 1875dda (base 14) in base 2?
101110001110010111111100
Convert -101123201020 (base 4) to base 10.
-4569160
What is 7a652 (base 15) in base 16?
5f1b0
Convert -1171265 (base 8) to base 14.
-86269
63fc67 (base 16) to base 6
352240251
What is -2214131240 (base 5) in base 15?
-657165
What is -508203 (base 9) in base 3?
-120022020010
What is 1b365 (base 15) in base 12?
43288
What is -121101121333 (base 4) in base 7?
-110211364
What is -192a (base 12) in base 3?
-11012021
Convert a640a (base 13) to base 11.
195003
-12020212212021 (base 3) to base 9
-5225767
Convert 1001101111001110110 (base 2) to base 6.
10501142
What is 6703436 (base 9) in base 16?
370035
What is -173029 (base 11) in base 3?
-111121000201
Convert -1009613 (base 10) to base 11.
-62a5a0
Convert -8600574 (base 9) to base 5.
-2134400134
What is -1001010011110010111101 (base 2) in base 6?
-124150021
45851 (base 11) to base 4
100023003
123061 (base 16) to base 12
495a01
What is 1a6384 (base 13) in base 11?
4189a8
What is -103043241 (base 6) in base 14?
-3573bb
What is 41789 (base 16) in base 2?
1000001011110001001
Convert -98760 (base 12) to base 11.
-128458
-17816616 (base 9) to base 7
-136246554
-2798ac (base 14) to base 5
-322332401
Convert 10100 (base 5) to base 10.
650
135305553 (base 6) to base 3
12020002202220
Convert -130430442 (base 6) to base 7.
-30466526
Convert 1610236 (base 8) to base 11.
296955
What is -61dc9d (base 14) in base 9?
-6184521
What is -31043363 (base 7) in base 6?
-131412515
-578270 (base 11) to base 16
-e04b5
985c (base 15) to base 14
ba86
What is -101100111101100001100 (base 2) in base 4?
-11213230030
What is 312a09 (base 11) in base 8?
1723653
Convert -10021131232 (base 4) to base 6.
-35145554
Convert -1334132 (base 6) to base 4.
-102100220
What is 1815 (base 12) in base 8?
5521
What is 6923407 (base 11) in base 14?
18742d1
What is 222031013311 (base 4) in base 3?
202211002200021
10230212130 (base 4) to base 9
2275866
Convert -53900 (base 14) to base 11.
-128906
347ea (base 16) to base 9
356848
-a20692 (base 13) to base 8
-16305461
-be8cd (base 15) to base 8
-2237646
177420 (base 8) to base 7
361240
-113501522 (base 6) to base 4
-20022022322
112011210120 (base 3) to base 4
1010020110
Convert -10310311203 (base 4) to base 9.
-2337220
Convert 2826508 (base 10) to base 11.
1660663
-64b31 (base 12) to base 7
-1062415
What is 13112215 (base 7) in base 11?
747a42
Convert -891848 (base 10) to base 12.
-370148
Convert -6741046 (base 8) to base 13.
-4b9046
What is 15dd16 (base 14) in base 13?
20b830
What is -1925124 (base 10) in base 9?
-3553686
What is -5a57c (base 14) in base 4?
-311313002
What is -3ec3 (base 16) in base 9?
-24032
-57772 (base 12) to base 15
-24965
What is 72604457 (base 8) in base 14?
208d647
-142661 (base 10) to base 7
-1132631
What is -ac2c2 (base 15) in base 9?
-1023772
What is 100585 (base 9) in base 14?
179a3
What is -2a6d0 (base 14) in base 4?
-121302132
1001010011111001111100 (base 2) to base 7
26514055
What is -153308 (base 10) in base 11?
-a5201
Convert -2be3cc (base 15) to base 8.
-10063736
What is 545052 (base 8) in base 5?
21322301
What is 1272531 (base 8) in base 14?
94517
101010110110111001 (base 2) to base 7
1330536
Convert 9a494 (base 11) to base 16.
23902
Convert 101011010110110010111 (base 2) to base 4.
11122312113
What is 1112101021122 (base 3) in base 15?
1114ee
Convert ab85d (base 15) to base 6.
15404211
-369805 (base 10) to base 11
-232927
-234132411 (base 5) to base 11
-680043
2001012012011 (base 3) to base 14
203c85
Convert -30642 (base 7) to base 8.
-16547
223202 (base 7) to base 3
2000020122
-25496 (base 11) to base 15
-ac51
47019 (base 12) to base 15
1d276
Convert -220202020 (base 3) to base 4.
-10121322
Convert -5ae954 (base 16) to base 7.
-101433116
Convert -212222002121 (base 3) to base 11.
-2a2469
-68ac34 (base 15) to base 12
-1810271
What is -17cf2 (base 16) in base 7?
-554215
Convert 1a572 (base 11) to base 8.
67733
Convert 736b75 (base 14) to base 11.
22231a9
Convert -381c53 (base 13) to base 3.
-2112102021022
-2540545 (base 9) to base 3
-2121100121112
-541201 (base 7) to base 2
-10110111110000001
Convert -462149 (base 10) to base 14.
-c05c9
-1414a95 (base 11) to base 9
-4523886
Convert -1891 (base 12) to base 7.
-11500
What is 1104530 (base 6) in base 16?
d8c6
30134424 (base 5) to base 2
111010100101110101
Convert 100100111111011011100 (base 2) to base 13.
335944
What is -100110001100111100010 (base 2) in base 6?
-42455230
6228f1 (base 16) to base 2
11000100010100011110001
What is -440043413 (base 5) in base 3?
-10112102002221
120001200 (base 3) to base 11
8282
6001640 (base 8) to base 4
12000032200
-235521 (base 8) to base 10
-80721
Convert 250228 (base 13) to base 2.
11011000010000000011
Convert 2101266 (base 14) to base 10.
15600122
What is 34308 (base 12) in base 6?
1254012
What is 1001101101100001011011 (base 2) in base 14?
4a3a79
What is 282c60 (base 13) in base 14?
1b638a
What is 371a033 (base 13) in base 7?
265413561
What is 1101333320 (base 4) in base 14?
8a584
81766 (base 13) to base 11
1492a6
What is 25345514 (base 6) in base 15?
113c74
Convert 221313 (base 5) to base 6.
55404
Convert 1b35ba0 (base 12) to base 14.
aac1ba
What is -19e3 (base 16) in base 9?
-10073
Convert 2030422002 (base 5) to base 4.
33312110003
193585 (base 12) to base 8
1536165
Convert 331209 (base 11) to base 5.
113404113
83435 (base 11) to base 16
1db2b
Convert -24b6b1 (base 15) to base 11.
-aa2261
-11a240 (base 14) to base 12
-251740
3986319 (base 12) to base 15
eea1b9
-50246 (base 11) to base 4
-101330121
3452d (base 14) to base 7
1036656
Convert 42550423 (base 6) to base 7.
13461213
Convert 3412522 (base 7) to base 9.
714861
-8243632 (base 10) to base 14
-114834c
Convert 1793139 (base 10) to base 12.
725843
What is 111010000011100110 (base 2) in base 13?
84312
What is 14401433 (base 6) in base 15?
9c880
-1102112220222 (base 3) to base 16
-b9432
What is 35494 (base 11) in base 2?
1100011111011101
-3ded46 (base 15) to base 14
-57a52b
Convert -9aa186 (base 13) to base 5.
-1413240441
Convert 4303616 (base 10) to base 5.
2100203431
-50511202 (base 7) to base 16
-402832
What is 2551210 (base 6) in base 3?
21001121220
9